re the prime factors of 1668399010?
2, 5, 4523, 36887
List the prime factors of 124086298.
2, 7, 17, 47, 11093
What are the prime factors of 52955073?
3, 29, 67631
What are the prime factors of 173758651?
11, 157, 100613
List the prime factors of 414006541.
13, 2161, 14737
What are the prime factors of 142133976?
2, 3, 347, 5689
What are the prime factors of 25471609?
19, 43, 31177
What are the prime factors of 5161977085?
5, 83, 12438499
List the prime factors of 215674302.
2, 3, 35945717
List the prime factors of 8266124.
2, 109, 18959
What are the prime factors of 1103378524?
2, 275844631
What are the prime factors of 12272115?
3, 5, 197, 4153
What are the prime factors of 117707744?
2, 7, 11, 23, 31, 67
List the prime factors of 333873009.
3, 887, 1549
List the prime factors of 1024500699.
3, 17, 6696083
List the prime factors of 803103677.
127, 6323651
List the prime factors of 48917563.
1451, 33713
What are the prime factors of 170642358?
2, 3, 157, 60383
What are the prime factors of 90624348?
2, 3, 17, 148079
What are the prime factors of 202185522?
2, 3, 7, 11, 17, 8581
What are the prime factors of 286533?
3, 13, 31, 79
What are the prime factors of 1111765746?
2, 3, 7, 13, 2036201
List the prime factors of 2528015758.
2, 12919, 97841
What are the prime factors of 431285486?
2, 53, 4068731
What are the prime factors of 46730498?
2, 541, 43189
What are the prime factors of 4529984794?
2, 41, 55243717
What are the prime factors of 313017326?
2, 137, 233, 4903
What are the prime factors of 342986702?
2, 171493351
List the prime factors of 772551788.
2, 8233, 23459
List the prime factors of 181369121.
5471, 33151
List the prime factors of 806182731.
3, 4877, 18367
List the prime factors of 861254249.
19, 3691, 12281
List the prime factors of 497125353.
3, 165708451
What are the prime factors of 328062692?
2, 82015673
What are the prime factors of 138227165?
5, 27645433
List the prime factors of 80747998.
2, 67, 602597
List the prime factors of 5792093642.
2, 34807, 83203
What are the prime factors of 2136389293?
23, 4691, 19801
List the prime factors of 809922373.
13, 62301721
List the prime factors of 2518812877.
7, 359830411
List the prime factors of 58527081.
3, 37, 175757
List the prime factors of 2139446235.
3, 5, 142629749
What are the prime factors of 496078114?
2, 7, 35434151
List the prime factors of 1893828991.
41, 139, 332309
List the prime factors of 3319829222.
2, 18661, 88951
List the prime factors of 1810435467.
3, 6373, 94693
What are the prime factors of 1938085752?
2, 3, 37, 2182529
What are the prime factors of 525799288?
2, 7, 1613, 5821
What are the prime factors of 126030863?
7, 127, 141767
List the prime factors of 762574182.
2, 3, 6089, 20873
What are the prime factors of 318361428?
2, 3, 7, 11, 1823
List the prime factors of 1859032497.
3, 7, 88525357
List the prime factors of 1187455891.
23, 379, 136223
What are the prime factors of 234379395?
3, 5, 277, 18803
List the prime factors of 503178252.
2, 3, 41931521
List the prime factors of 862805346.
2, 3, 13, 11061607
List the prime factors of 8899463.
8899463
List the prime factors of 233568860.
2, 5, 7, 433, 3853
List the prime factors of 9834610.
2, 5, 983461
What are the prime factors of 2944552532?
2, 229, 491, 6547
What are the prime factors of 98579613?
3, 11, 29, 239, 431
What are the prime factors of 43822656?
2, 3, 76081
What are the prime factors of 24014592?
2, 3, 7, 1489
List the prime factors of 307778427.
3, 11, 1036291
List the prime factors of 668807129.
41, 1297, 12577
What are the prime factors of 174019065?
3, 5, 11, 43, 24527
What are the prime factors of 11167582?
2, 5583791
What are the prime factors of 370201998?
2, 3, 1061, 58153
List the prime factors of 95252454.
2, 3, 11, 481073
What are the prime factors of 17125560?
2, 3, 5, 101, 157
What are the prime factors of 1357627534?
2, 173, 3923779
List the prime factors of 44137667.
7, 23, 274147
List the prime factors of 4253191479.
3, 6067, 77893
List the prime factors of 6047242048.
2, 43, 67, 32797
List the prime factors of 45704636.
2, 17, 672127
List the prime factors of 1551111106.
2, 587, 1321219
What are the prime factors of 5544599?
19, 15359
List the prime factors of 1210900839.
3, 403633613
What are the prime factors of 435836562?
2, 3, 7, 43, 241327
List the prime factors of 77509383.
3, 7, 3690923
What are the prime factors of 4769759167?
14327, 332921
What are the prime factors of 21144834?
2, 3, 19, 37, 557
List the prime factors of 302567620.
2, 5, 1597, 9473
What are the prime factors of 23004628?
2, 5751157
What are the prime factors of 2723804197?
2723804197
What are the prime factors of 5827594333?
11, 383, 659, 2099
What are the prime factors of 7338350958?
2, 3, 251, 4872743
What are the prime factors of 1028301899?
17, 31, 1951237
List the prime factors of 292587090.
2, 3, 5, 29, 336307
List the prime factors of 668770187.
101, 6621487
List the prime factors of 291586967.
7, 29, 587, 2447
What are the prime factors of 397651627?
19, 20929033
What are the prime factors of 416574459?
3, 7, 23, 287491
List the prime factors of 520798977.
3, 31, 433, 479
List the prime factors of 182927154.
2, 3, 30487859
What are the prime factors of 45496517?
11, 47, 88001
List the prime factors of 188729324.
2, 7, 269, 25057
List the prime factors of 87499817.
167, 709, 739
What are the prime factors of 211626581?
103, 2054627
List the prime factors of 186402369.
3, 19, 3270217
List the prime factors of 1574160460.
2, 5, 107, 673, 1093
What are the prime factors of 223788301?
11, 461, 44131
What are the prime factors of 108852199?
108852199
List the prime factors of 3240397693.
13, 17, 19, 167, 4621
What are the prime factors of 31735009?
23, 389, 3547
List the prime factors of 9042717.
3, 3014239
List the prime factors of 8142524800.
2, 5, 2544539
List the prime factors of 6971782.
2, 3485891
What are the prime factors of 4070233420?
2, 5, 11, 18501061
What are the prime factors of 264122001?
3, 11, 13, 205223
List the prime factors of 2507607727.
67, 37426981
List the prime factors of 3017169241.
3329, 906329
What are the prime factors of 456270983?
7, 2953, 22073
What are the prime factors of 853623209?
107, 7977787
List the prime factors of 1250996420.
2, 5, 43, 33829
What are the prime factors of 8512694?
2, 4256347
What are the prime factors of 1685690?
2, 5, 101, 1669
What are the prime factors of 254111440?
2, 5, 11, 41, 7043
What are the prime factors of 2208768579?
3, 107, 2293633
List the prime factors of 115687504.
2, 19, 20029
List the prime factors of 4463261404.
2, 7, 159402193
What are the prime factors of 623753937?
3, 647, 107119
List the prime factors of 803795897.
803795897
What are the prime factors of 109806495?
3, 5, 31, 236143
List the prime factors of 131747502.
2, 3, 21957917
List the prime factors of 583759722.
2, 3, 7, 13, 41, 89, 293
List the prime factors of 79786608.
2, 3, 11, 137, 1103
List the prime factors of 19260198.
2, 3, 1070011
What are the prime factors of 116775814?
2, 58387907
List the prime factors of 381877920.
2, 3, 5, 265193
List the prime factors of 323764581.
3, 7, 15417361
What are the prime factors of 63598170?
2, 3, 5, 2119939
What are the prime factors of 185762077?
17, 241, 45341
What are the prime factors of 723250085?
5, 3733, 38749
What are the prime factors of 514270893?
3, 17, 10083743
List the prime factors of 50022165.
3, 5, 3334811
What are the prime factors of 1961872186?
2, 8237, 119089
List the prime factors of 28617114.
2, 3, 4769519
List the prime factors of 398352661.
7, 317, 179519
List the prime factors of 30074376.
2, 3, 1253099
List the prime factors of 154366896.
2, 3, 3215977
What are the prime factors of 249449486?
2, 11, 13, 37, 2143
What are the prime factors of 223379722?
2, 1231, 90731
List the prime factors of 5318824700.
2, 5, 7, 211, 36011
List the prime factors of 1340721423.
3, 1619, 30671
What are the prime factors of 49670389?
19, 59, 751
What are the prime factors of 6539097767?
2789, 2344603
What are the prime factors of 22065393?
3, 7, 1050733
List the prime factors of 3190064060.
2, 5, 167, 223, 4283
What are the prime factors of 18248855?
5, 3649771
List the prime factors of 566144155.
5, 976